{"id":670,"date":"2025-02-07T15:19:46","date_gmt":"2025-02-07T13:19:46","guid":{"rendered":"https:\/\/prilagodba.ffzg.unizg.hr\/?page_id=670"},"modified":"2025-02-07T15:19:46","modified_gmt":"2025-02-07T13:19:46","slug":"vrsnjacka-potpora-studentima-s-invaliditetom","status":"publish","type":"page","link":"https:\/\/prilagodba.ffzg.unizg.hr\/?page_id=670","title":{"rendered":"Vr\u0161nja\u010dka potpora studentima s invaliditetom"},"content":{"rendered":"<p>Vr\u0161nja\u010dka potpora studentima s invaliditetom je sveu\u010dili\u0161ni kolegij dostupan za upis svim studentima koji su upisani na bilo koju sastavnicu (fakultet\/akademiju) Sveu\u010dili\u0161ta na prijediplomskoj, diplomskoj i poslijediplomskoj razini studija.<\/p>\n<p>Kolegij se provodi kroz 3 modela (A, B, C):<\/p>\n<p>A. Pripremna radionica (15P+30V) i pru\u017eanje vr\u0161nja\u010dke potpore (75V+grupne konzultacije 15V): 5 ECTS bodova (2 ECTS boda pripremna radionica &#8211; edukacija + 3 ECTS boda realizacija vr\u0161nja\u010dke potpore tijekom jednog semestra). Ostvarivanje ECTS bodova potvr\u0111uje se s \u201epolo\u017eio\/la\u201c. Rad studenata se ne ocjenjuje.<\/p>\n<p>B. Pru\u017eanje vr\u0161nja\u010dke potpore (75V+15 sati grupne konzultacije): 3 ECTS boda &#8211; realizacija vr\u0161nja\u010dke potpore tijekom jednog semestra; preduvjet: prethodno zavr\u0161en model A ili C; ostvarivanje ECTS bodova potvr\u0111uje se s \u201epolo\u017eio\/la\u201c. Rad studenata se ne ocjenjuje.<\/p>\n<p>C. Pripremna radionica (15P+30V): 2 ECTS boda &#8211; pripremna radionica\/edukacija. Dosegnute kompetencije studenata prate se kroz aktivnost sudjelovanja na pripremnoj radionici i kroz usmeni ispit, te se ocjenjuju ocjenom.<\/p>\n<p>*za potrebe ovog kolegija studenti\/ice s invaliditetom su studenti\/ice s(a): motori\u010dkim poreme\u0107ajima, kroni\u010dnim bolestima, o\u0161te\u0107enjima vida, o\u0161te\u0107enjima sluha, disleksijom, disgrafijom, diskalkulijom, ADHD-om, Aspergerovim sindromom te psihi\u010dkim bolestima i poreme\u0107ajima, kojima je potrebna vr\u0161nja\u010dka potpora i pristaju da im student \u201epar\u201c pru\u017ea potporu.<\/p>\n<p>Primjeri potpore u akademskom okru\u017eenju uklju\u010duju potporu pri dolasku na fakultet, kretanju po prostoru fakulteta, pisanju bilje\u017eaka s predavanja, rje\u0161avanju administrativnih procedura, pra\u0107enju nastave (npr. verbalno opisivanje vizualnih sadr\u017eaja), potporu u razli\u010ditim socijalnim situacijama poput posredovanja u komunikaciji, provjeru pisanih zada\u0107a, prisutnost u stresnim situacijama, informiranje i usmjeravanje, osobnu potporu prema potrebi i dogovoru i sl.<\/p>\n","protected":false},"excerpt":{"rendered":"<p>Vr\u0161nja\u010dka potpora studentima s invaliditetom je sveu\u010dili\u0161ni kolegij dostupan za upis svim studentima koji su upisani na bilo koju sastavnicu (fakultet\/akademiju) Sveu\u010dili\u0161ta na prijediplomskoj, diplomskoj i poslijediplomskoj razini studija. Kolegij se provodi kroz 3 modela (A, B, C): A. Pripremna radionica (15P+30V) i pru\u017eanje vr\u0161nja\u010dke potpore (75V+grupne konzultacije 15V): 5 ECTS bodova (2 ECTS boda [&hellip;]<\/p>\n","protected":false},"author":101011,"featured_media":0,"parent":0,"menu_order":0,"comment_status":"closed","ping_status":"closed","template":"","meta":{"saved_in_kubio":false,"footnotes":""},"class_list":["post-670","page","type-page","status-publish","hentry"],"kubio_ai_page_context":{"short_desc":"","purpose":"general"},"_links":{"self":[{"href":"https:\/\/prilagodba.ffzg.unizg.hr\/index.php?rest_route=\/wp\/v2\/pages\/670","targetHints":{"allow":["GET"]}}],"collection":[{"href":"https:\/\/prilagodba.ffzg.unizg.hr\/index.php?rest_route=\/wp\/v2\/pages"}],"about":[{"href":"https:\/\/prilagodba.ffzg.unizg.hr\/index.php?rest_route=\/wp\/v2\/types\/page"}],"author":[{"embeddable":true,"href":"https:\/\/prilagodba.ffzg.unizg.hr\/index.php?rest_route=\/wp\/v2\/users\/101011"}],"replies":[{"embeddable":true,"href":"https:\/\/prilagodba.ffzg.unizg.hr\/index.php?rest_route=%2Fwp%2Fv2%2Fcomments&post=670"}],"version-history":[{"count":1,"href":"https:\/\/prilagodba.ffzg.unizg.hr\/index.php?rest_route=\/wp\/v2\/pages\/670\/revisions"}],"predecessor-version":[{"id":671,"href":"https:\/\/prilagodba.ffzg.unizg.hr\/index.php?rest_route=\/wp\/v2\/pages\/670\/revisions\/671"}],"wp:attachment":[{"href":"https:\/\/prilagodba.ffzg.unizg.hr\/index.php?rest_route=%2Fwp%2Fv2%2Fmedia&parent=670"}],"curies":[{"name":"wp","href":"https:\/\/api.w.org\/{rel}","templated":true}]}}